{"id":94,"date":"2020-10-11T21:00:24","date_gmt":"2020-10-11T21:00:24","guid":{"rendered":"http:\/\/fotografiezpodhala.pl\/?page_id=94"},"modified":"2020-10-19T19:46:26","modified_gmt":"2020-10-19T19:46:26","slug":"strona-glowna","status":"publish","type":"page","link":"http:\/\/fotografiezpodhala.pl\/","title":{"rendered":"Strona g\u0142\u00f3wna"},"content":{"rendered":"<p>[et_pb_section fb_built=&#8221;1&#8243; _builder_version=&#8221;4.6.5&#8243; _module_preset=&#8221;default&#8221; background_image=&#8221;http:\/\/fotografiezpodhala.pl\/wp-content\/uploads\/2020\/10\/tlo6.jpg&#8221; module_alignment=&#8221;left&#8221; min_height=&#8221;644px&#8221; custom_padding=&#8221;206px|||||&#8221; bottom_divider_height=&#8221;233px&#8221; bottom_divider_repeat=&#8221;0x&#8221; animation_style=&#8221;fade&#8221; animation_duration=&#8221;1700ms&#8221; animation_delay=&#8221;200ms&#8221;][et_pb_row _builder_version=&#8221;4.6.5&#8243; _module_preset=&#8221;default&#8221;][et_pb_column type=&#8221;4_4&#8243; _builder_version=&#8221;4.6.5&#8243; _module_preset=&#8221;default&#8221;][et_pb_text _builder_version=&#8221;4.6.5&#8243; _module_preset=&#8221;default&#8221; header_font=&#8221;Yeseva One||||||||&#8221; header_font_size=&#8221;53px&#8221; header_2_font=&#8221;Yeseva One||||||||&#8221; min_height=&#8221;113px&#8221; animation_style=&#8221;fade&#8221; animation_duration=&#8221;1700ms&#8221; text_text_shadow_style=&#8221;preset2&#8243; text_text_shadow_horizontal_length=&#8221;0.14em&#8221; text_text_shadow_vertical_length=&#8221;0.26em&#8221; text_text_shadow_blur_strength=&#8221;0.37em&#8221; text_text_shadow_color=&#8221;#000000&#8243;]<\/p>\n<h1 style=\"text-align: center;\"><span style=\"color: #ffffff;\">Fotografie z Podhala<\/span><\/h1>\n<p>[\/et_pb_text][\/et_pb_column][\/et_pb_row][\/et_pb_section][et_pb_section fb_built=&#8221;1&#8243; _builder_version=&#8221;4.6.5&#8243; _module_preset=&#8221;default&#8221; background_color=&#8221;#000000&#8243; custom_margin=&#8221;0px||0px||false|false&#8221; custom_padding=&#8221;0px||33px||false|false&#8221;][et_pb_row _builder_version=&#8221;4.6.5&#8243; _module_preset=&#8221;default&#8221;][et_pb_column type=&#8221;4_4&#8243; _builder_version=&#8221;4.6.5&#8243; _module_preset=&#8221;default&#8221;][et_pb_text _builder_version=&#8221;4.6.5&#8243; _module_preset=&#8221;default&#8221; header_line_height=&#8221;1.2em&#8221; custom_margin=&#8221;||16px|||&#8221;]<\/p>\n<h1 style=\"text-align: center;\"><span style=\"color: #999999;\">Fotografia krajobrazowa<\/span><\/h1>\n<p>[\/et_pb_text][et_pb_text _builder_version=&#8221;4.6.5&#8243; _module_preset=&#8221;default&#8221; text_font_size=&#8221;16px&#8221; width=&#8221;100%&#8221;]<\/p>\n<p style=\"text-align: center;\"><span style=\"color: #999999;\">W swoich zbiorach posiadam kilkaset zdj\u0119\u0107 z terenu Podhala i Spisza, Tatr, Gorc\u00f3w i Pienin do wykorzystania w projektach stron internetowych, <br \/>projektach graficznych oraz w celach wydawniczych. Wykonuj\u0119 r\u00f3wnie\u017c zdj\u0119cia na zam\u00f3wienie<\/span><span style=\"color: #999999;\"><\/span><\/p>\n<p>[\/et_pb_text][\/et_pb_column][\/et_pb_row][et_pb_row column_structure=&#8221;1_5,1_5,1_5,1_5,1_5&#8243; use_custom_gutter=&#8221;on&#8221; gutter_width=&#8221;1&#8243; _builder_version=&#8221;4.6.5&#8243; _module_preset=&#8221;default&#8221; width=&#8221;100%&#8221; max_width=&#8221;100%&#8221; custom_padding=&#8221;||0px||false|false&#8221;][et_pb_column type=&#8221;1_5&#8243; _builder_version=&#8221;4.6.5&#8243; _module_preset=&#8221;default&#8221; animation_direction=&#8221;left&#8221;][et_pb_image src=&#8221;http:\/\/fotografiezpodhala.pl\/wp-content\/uploads\/2020\/10\/Zamek-Czorstyn-Jezioro-czorsztynskie.jpg&#8221; title_text=&#8221;Zamek-Czorstyn-Jezioro-czorsztynskie&#8221; admin_label=&#8221;Tatry-Grze\u015b&#8221; _builder_version=&#8221;4.6.5&#8243; _module_preset=&#8221;default&#8221; animation_style=&#8221;flip&#8221; animation_direction=&#8221;bottom&#8221; animation_duration=&#8221;1500ms&#8221; animation_delay=&#8221;55ms&#8221;][\/et_pb_image][et_pb_image src=&#8221;http:\/\/fotografiezpodhala.pl\/wp-content\/uploads\/2020\/10\/Pieniny-Trzy-Korony-Sokolica.jpg&#8221; title_text=&#8221;Pieniny-Trzy-Korony-Sokolica&#8221; admin_label=&#8221;Tatry-Spisz&#8221; _builder_version=&#8221;4.6.5&#8243; _module_preset=&#8221;default&#8221; animation_style=&#8221;flip&#8221; animation_direction=&#8221;bottom&#8221; animation_duration=&#8221;1300ms&#8221; animation_delay=&#8221;55ms&#8221;][\/et_pb_image][\/et_pb_column][et_pb_column type=&#8221;1_5&#8243; _builder_version=&#8221;4.6.5&#8243; _module_preset=&#8221;default&#8221;][et_pb_image src=&#8221;http:\/\/fotografiezpodhala.pl\/wp-content\/uploads\/2020\/10\/Krokusy-Szafran-Spiski.jpg&#8221; title_text=&#8221;Krokusy-Szafran-Spiski&#8221; admin_label=&#8221;Zamek-w-Czorsztynie&#8221; _builder_version=&#8221;4.6.5&#8243; _module_preset=&#8221;default&#8221; animation_style=&#8221;flip&#8221; animation_direction=&#8221;bottom&#8221; animation_duration=&#8221;1200ms&#8221; animation_delay=&#8221;55ms&#8221;][\/et_pb_image][et_pb_image src=&#8221;http:\/\/fotografiezpodhala.pl\/wp-content\/uploads\/2020\/10\/Przelom-Bialki.jpg&#8221; title_text=&#8221;Prze\u0142om-Bia\u0142ki&#8221; _builder_version=&#8221;4.6.5&#8243; _module_preset=&#8221;default&#8221; animation_style=&#8221;flip&#8221; animation_direction=&#8221;bottom&#8221; animation_duration=&#8221;1100ms&#8221; animation_delay=&#8221;55ms&#8221;][\/et_pb_image][\/et_pb_column][et_pb_column type=&#8221;1_5&#8243; _builder_version=&#8221;4.6.5&#8243; _module_preset=&#8221;default&#8221; animation_direction=&#8221;right&#8221;][et_pb_image src=&#8221;http:\/\/fotografiezpodhala.pl\/wp-content\/uploads\/2020\/10\/Tatry-wierzbowka-kieprzyca.jpg&#8221; title_text=&#8221;Tatry-wierzbowka-kieprzyca&#8221; _builder_version=&#8221;4.6.5&#8243; _module_preset=&#8221;default&#8221; animation_style=&#8221;flip&#8221; animation_direction=&#8221;bottom&#8221; animation_duration=&#8221;900ms&#8221; animation_delay=&#8221;55ms&#8221;][\/et_pb_image][et_pb_image src=&#8221;http:\/\/fotografiezpodhala.pl\/wp-content\/uploads\/2020\/10\/Gorce-Bukowina-Waksmundzka.jpg&#8221; title_text=&#8221;Gorce-Bukowina-Waksmundzka&#8221; _builder_version=&#8221;4.6.5&#8243; _module_preset=&#8221;default&#8221; animation_style=&#8221;flip&#8221; animation_direction=&#8221;bottom&#8221; animation_duration=&#8221;900ms&#8221; animation_delay=&#8221;55ms&#8221;][\/et_pb_image][et_pb_button button_url=&#8221;http:\/\/fotografiezpodhala.pl\/?page_id=437&#038;et_fb=1&#038;PageSpeed=off&#8221; button_text=&#8221;GALERIA&#8221; button_alignment=&#8221;center&#8221; _builder_version=&#8221;4.6.6&#8243; _module_preset=&#8221;default&#8221; custom_button=&#8221;on&#8221; button_text_color=&#8221;#b3b3b3&#8243; button_bg_color=&#8221;#0c71c3&#8243; button_bg_color_gradient_start=&#8221;#000000&#8243; button_bg_color_gradient_end=&#8221;#8300e9&#8243; button_bg_color_gradient_direction=&#8221;64deg&#8221; button_bg_color_gradient_start_position=&#8221;40%&#8221; button_border_color=&#8221;#5a64ed&#8221; custom_margin=&#8221;22px||22px||false|false&#8221;][\/et_pb_button][\/et_pb_column][et_pb_column type=&#8221;1_5&#8243; _builder_version=&#8221;4.6.5&#8243; _module_preset=&#8221;default&#8221; animation_direction=&#8221;right&#8221;][et_pb_image src=&#8221;http:\/\/fotografiezpodhala.pl\/wp-content\/uploads\/2020\/10\/Tatry-Koscielec.jpg&#8221; title_text=&#8221;Tatry-Koscielec&#8221; _builder_version=&#8221;4.6.5&#8243; _module_preset=&#8221;default&#8221; animation_style=&#8221;flip&#8221; animation_direction=&#8221;bottom&#8221; animation_duration=&#8221;1300ms&#8221; animation_delay=&#8221;55ms&#8221;][\/et_pb_image][et_pb_image src=&#8221;http:\/\/fotografiezpodhala.pl\/wp-content\/uploads\/2020\/10\/tatry-giewont.jpg&#8221; title_text=&#8221;tatry-giewont&#8221; _builder_version=&#8221;4.6.5&#8243; _module_preset=&#8221;default&#8221; animation_style=&#8221;flip&#8221; animation_direction=&#8221;bottom&#8221; animation_duration=&#8221;1300ms&#8221; animation_delay=&#8221;55ms&#8221;][\/et_pb_image][\/et_pb_column][et_pb_column type=&#8221;1_5&#8243; _builder_version=&#8221;4.6.5&#8243; _module_preset=&#8221;default&#8221; animation_style=&#8221;slide&#8221; animation_direction=&#8221;right&#8221;][et_pb_image src=&#8221;http:\/\/fotografiezpodhala.pl\/wp-content\/uploads\/2020\/10\/Tatry-Grzes.jpg&#8221; title_text=&#8221;Tatry-Grzes&#8221; _builder_version=&#8221;4.6.5&#8243; _module_preset=&#8221;default&#8221; animation_style=&#8221;flip&#8221; animation_direction=&#8221;bottom&#8221; animation_duration=&#8221;1500ms&#8221; animation_delay=&#8221;55ms&#8221;][\/et_pb_image][et_pb_image src=&#8221;http:\/\/fotografiezpodhala.pl\/wp-content\/uploads\/2020\/10\/Tatry-Polski-Spisz.jpg&#8221; title_text=&#8221;Tatry-Polski-Spisz&#8221; _builder_version=&#8221;4.6.5&#8243; _module_preset=&#8221;default&#8221; custom_margin=&#8221;||40px|||&#8221; animation_style=&#8221;flip&#8221; animation_direction=&#8221;bottom&#8221; animation_duration=&#8221;1500ms&#8221; animation_delay=&#8221;55ms&#8221;][\/et_pb_image][\/et_pb_column][\/et_pb_row][et_pb_row _builder_version=&#8221;4.6.5&#8243; _module_preset=&#8221;default&#8221; custom_margin=&#8221;0px||0px||false|false&#8221; custom_padding=&#8221;0px||0px||false|false&#8221;][et_pb_column type=&#8221;4_4&#8243; _builder_version=&#8221;4.6.5&#8243; _module_preset=&#8221;default&#8221;][et_pb_divider color=&#8221;#6b6b6b&#8221; divider_position=&#8221;center&#8221; _builder_version=&#8221;4.6.5&#8243; _module_preset=&#8221;default&#8221; width=&#8221;33%&#8221; module_alignment=&#8221;center&#8221; custom_margin=&#8221;0px||0px||false|false&#8221; custom_padding=&#8221;0px||0px||false|false&#8221;][\/et_pb_divider][\/et_pb_column][\/et_pb_row][et_pb_row _builder_version=&#8221;4.6.5&#8243; _module_preset=&#8221;default&#8221;][et_pb_column type=&#8221;4_4&#8243; _builder_version=&#8221;4.6.5&#8243; _module_preset=&#8221;default&#8221;][et_pb_text _builder_version=&#8221;4.6.5&#8243; _module_preset=&#8221;default&#8221; header_line_height=&#8221;1.2em&#8221; custom_margin=&#8221;||16px|||&#8221;]<\/p>\n<h1 style=\"text-align: center;\"><span style=\"color: #999999;\">Wykonuj\u0119 zdj\u0119cia obiekt\u00f3w turystycznych i architektury<br \/> <\/span><\/h1>\n<p>[\/et_pb_text][et_pb_text _builder_version=&#8221;4.6.5&#8243; _module_preset=&#8221;default&#8221; text_font_size=&#8221;16px&#8221;]<\/p>\n<p style=\"text-align: center;\"><span style=\"color: #999999;\">Fotografie nieruchomo\u015bci: dzia\u0142ek budowlanych, domk\u00f3w rekreacyjnych, apartament\u00f3w, mieszka\u0144 do wynaj\u0119cia, obiekt\u00f3w sakralnych.<\/span><span style=\"color: #999999;\"><\/span><\/p>\n<p>[\/et_pb_text][\/et_pb_column][\/et_pb_row][et_pb_row column_structure=&#8221;1_5,1_5,1_5,1_5,1_5&#8243; use_custom_gutter=&#8221;on&#8221; gutter_width=&#8221;1&#8243; _builder_version=&#8221;4.6.5&#8243; _module_preset=&#8221;default&#8221; width=&#8221;100%&#8221; max_width=&#8221;100%&#8221; custom_margin=&#8221;|auto|-5px|auto||&#8221; custom_padding=&#8221;||12px|||&#8221;][et_pb_column type=&#8221;1_5&#8243; _builder_version=&#8221;4.6.5&#8243; _module_preset=&#8221;default&#8221; animation_style=&#8221;slide&#8221; animation_direction=&#8221;left&#8221;][et_pb_image src=&#8221;http:\/\/fotografiezpodhala.pl\/wp-content\/uploads\/2020\/10\/IMG_7591.jpg&#8221; title_text=&#8221;IMG_7591&#8243; _builder_version=&#8221;4.6.5&#8243; _module_preset=&#8221;default&#8221; animation_style=&#8221;flip&#8221; animation_duration=&#8221;1500ms&#8221; animation_delay=&#8221;55ms&#8221;][\/et_pb_image][et_pb_image src=&#8221;http:\/\/fotografiezpodhala.pl\/wp-content\/uploads\/2020\/10\/MG_2392.jpg&#8221; title_text=&#8221;_MG_2392&#8243; _builder_version=&#8221;4.6.5&#8243; _module_preset=&#8221;default&#8221; animation_style=&#8221;flip&#8221; animation_duration=&#8221;1500ms&#8221; animation_delay=&#8221;55ms&#8221;][\/et_pb_image][\/et_pb_column][et_pb_column type=&#8221;1_5&#8243; _builder_version=&#8221;4.6.5&#8243; _module_preset=&#8221;default&#8221; animation_style=&#8221;slide&#8221;][et_pb_image src=&#8221;http:\/\/fotografiezpodhala.pl\/wp-content\/uploads\/2020\/10\/MG_0254.jpg&#8221; title_text=&#8221;_MG_0254&#8243; _builder_version=&#8221;4.6.5&#8243; _module_preset=&#8221;default&#8221; animation_style=&#8221;flip&#8221; animation_duration=&#8221;1500ms&#8221; animation_delay=&#8221;55ms&#8221;][\/et_pb_image][et_pb_image src=&#8221;http:\/\/fotografiezpodhala.pl\/wp-content\/uploads\/2020\/10\/MG_0279.jpg&#8221; title_text=&#8221;_MG_0279&#8243; _builder_version=&#8221;4.6.5&#8243; _module_preset=&#8221;default&#8221; animation_style=&#8221;flip&#8221; animation_duration=&#8221;1500ms&#8221; animation_delay=&#8221;55ms&#8221;][\/et_pb_image][\/et_pb_column][et_pb_column type=&#8221;1_5&#8243; _builder_version=&#8221;4.6.5&#8243; _module_preset=&#8221;default&#8221; animation_style=&#8221;slide&#8221; animation_direction=&#8221;right&#8221;][et_pb_image src=&#8221;http:\/\/fotografiezpodhala.pl\/wp-content\/uploads\/2020\/10\/IMG_9218.jpg&#8221; title_text=&#8221;IMG_9218&#8243; _builder_version=&#8221;4.6.5&#8243; _module_preset=&#8221;default&#8221; animation_style=&#8221;flip&#8221; animation_duration=&#8221;1500ms&#8221; animation_delay=&#8221;55ms&#8221;][\/et_pb_image][et_pb_image src=&#8221;http:\/\/fotografiezpodhala.pl\/wp-content\/uploads\/2020\/10\/IMG_9225.jpg&#8221; title_text=&#8221;IMG_9225&#8243; _builder_version=&#8221;4.6.5&#8243; _module_preset=&#8221;default&#8221; animation_style=&#8221;flip&#8221; animation_duration=&#8221;1500ms&#8221; animation_delay=&#8221;55ms&#8221;][\/et_pb_image][et_pb_button button_text=&#8221;Przyk\u0142adowe realizacje&#8221; button_alignment=&#8221;center&#8221; _builder_version=&#8221;4.6.6&#8243; _module_preset=&#8221;default&#8221; custom_button=&#8221;on&#8221; button_text_color=&#8221;#b3b3b3&#8243; button_bg_color=&#8221;#0c71c3&#8243; button_bg_color_gradient_start=&#8221;#000000&#8243; button_bg_color_gradient_end=&#8221;#8300e9&#8243; button_bg_color_gradient_direction=&#8221;64deg&#8221; button_bg_color_gradient_start_position=&#8221;40%&#8221; button_border_color=&#8221;#5a64ed&#8221; custom_margin=&#8221;22px||22px||false|false&#8221; hover_enabled=&#8221;0&#8243; button_url=&#8221;http:\/\/fotografiezpodhala.pl\/?page_id=819&#8243; sticky_enabled=&#8221;0&#8243;][\/et_pb_button][\/et_pb_column][et_pb_column type=&#8221;1_5&#8243; _builder_version=&#8221;4.6.5&#8243; _module_preset=&#8221;default&#8221; animation_style=&#8221;slide&#8221; animation_direction=&#8221;right&#8221;][et_pb_image src=&#8221;http:\/\/fotografiezpodhala.pl\/wp-content\/uploads\/2020\/10\/IMG_2940.jpg&#8221; title_text=&#8221;IMG_2940&#8243; _builder_version=&#8221;4.6.5&#8243; _module_preset=&#8221;default&#8221; animation_style=&#8221;flip&#8221; animation_duration=&#8221;1500ms&#8221; animation_delay=&#8221;55ms&#8221;][\/et_pb_image][et_pb_image src=&#8221;http:\/\/fotografiezpodhala.pl\/wp-content\/uploads\/2020\/10\/IMG_2965.jpg&#8221; title_text=&#8221;IMG_2965&#8243; _builder_version=&#8221;4.6.5&#8243; _module_preset=&#8221;default&#8221; animation_style=&#8221;flip&#8221; animation_duration=&#8221;1500ms&#8221; animation_delay=&#8221;55ms&#8221;][\/et_pb_image][\/et_pb_column][et_pb_column type=&#8221;1_5&#8243; _builder_version=&#8221;4.6.5&#8243; _module_preset=&#8221;default&#8221; animation_style=&#8221;slide&#8221; animation_direction=&#8221;right&#8221;][et_pb_image src=&#8221;http:\/\/fotografiezpodhala.pl\/wp-content\/uploads\/2020\/10\/IMG_2915.jpg&#8221; title_text=&#8221;IMG_2915&#8243; _builder_version=&#8221;4.6.5&#8243; _module_preset=&#8221;default&#8221; animation_style=&#8221;flip&#8221; animation_duration=&#8221;1500ms&#8221; animation_delay=&#8221;55ms&#8221;][\/et_pb_image][et_pb_image src=&#8221;http:\/\/fotografiezpodhala.pl\/wp-content\/uploads\/2020\/10\/IMG_2975.jpg&#8221; title_text=&#8221;IMG_2975&#8243; _builder_version=&#8221;4.6.5&#8243; _module_preset=&#8221;default&#8221; animation_style=&#8221;flip&#8221; animation_duration=&#8221;1500ms&#8221; animation_delay=&#8221;55ms&#8221;][\/et_pb_image][\/et_pb_column][\/et_pb_row][\/et_pb_section][et_pb_section fb_built=&#8221;1&#8243; _builder_version=&#8221;4.6.5&#8243; _module_preset=&#8221;default&#8221; background_image=&#8221;http:\/\/fotografiezpodhala.pl\/wp-content\/uploads\/2020\/10\/2strony-internetowe.jpg&#8221; custom_padding=&#8221;0px|||||&#8221;][et_pb_row _builder_version=&#8221;4.6.5&#8243; _module_preset=&#8221;default&#8221; custom_margin=&#8221;0px||0px||false|false&#8221; custom_padding=&#8221;0px||0px||false|false&#8221;][et_pb_column type=&#8221;4_4&#8243; _builder_version=&#8221;4.6.5&#8243; _module_preset=&#8221;default&#8221;][et_pb_divider color=&#8221;#6b6b6b&#8221; divider_position=&#8221;center&#8221; _builder_version=&#8221;4.6.5&#8243; _module_preset=&#8221;default&#8221; width=&#8221;33%&#8221; module_alignment=&#8221;center&#8221; custom_margin=&#8221;0px||0px||false|false&#8221; custom_padding=&#8221;0px||0px||false|false&#8221;][\/et_pb_divider][\/et_pb_column][\/et_pb_row][et_pb_row _builder_version=&#8221;4.6.5&#8243; _module_preset=&#8221;default&#8221;][et_pb_column type=&#8221;4_4&#8243; _builder_version=&#8221;4.6.5&#8243; _module_preset=&#8221;default&#8221;][et_pb_text _builder_version=&#8221;4.6.5&#8243; _module_preset=&#8221;default&#8221; header_line_height=&#8221;1.2em&#8221; custom_margin=&#8221;0px||0px||false|false&#8221; custom_padding=&#8221;0px||0px||false|false&#8221;]<\/p>\n<h1 style=\"text-align: center;\"><span style=\"color: #999999;\">Projektowanie i budowa stron internetowych<br \/> <\/span><\/h1>\n<p>[\/et_pb_text][\/et_pb_column][\/et_pb_row][et_pb_row column_structure=&#8221;1_3,1_3,1_3&#8243; _builder_version=&#8221;4.6.5&#8243; _module_preset=&#8221;default&#8221;][et_pb_column type=&#8221;1_3&#8243; _builder_version=&#8221;4.6.5&#8243; _module_preset=&#8221;default&#8221;][et_pb_image src=&#8221;http:\/\/fotografiezpodhala.pl\/wp-content\/uploads\/2020\/10\/ECS.jpg&#8221; title_text=&#8221;ECS&#8221; url=&#8221;http:\/\/www.ecspodhale.pl&#8221; url_new_window=&#8221;on&#8221; _builder_version=&#8221;4.6.5&#8243; _module_preset=&#8221;default&#8221; animation_style=&#8221;slide&#8221; animation_direction=&#8221;left&#8221; animation_duration=&#8221;1500ms&#8221; animation_delay=&#8221;55ms&#8221; box_shadow_style=&#8221;preset2&#8243; box_shadow_horizontal=&#8221;0px&#8221; box_shadow_blur=&#8221;34px&#8221; box_shadow_color=&#8221;#000000&#8243; box_shadow_spread__hover_enabled=&#8221;off|desktop&#8221;][\/et_pb_image][\/et_pb_column][et_pb_column type=&#8221;1_3&#8243; _builder_version=&#8221;4.6.5&#8243; _module_preset=&#8221;default&#8221;][et_pb_image src=&#8221;http:\/\/fotografiezpodhala.pl\/wp-content\/uploads\/2020\/10\/mkprint.jpg&#8221; title_text=&#8221;mkprint&#8221; url=&#8221;http:\/\/www.drukarniamk.pl&#8221; url_new_window=&#8221;on&#8221; _builder_version=&#8221;4.6.5&#8243; _module_preset=&#8221;default&#8221; animation_style=&#8221;slide&#8221; animation_direction=&#8221;bottom&#8221; animation_duration=&#8221;1500ms&#8221; animation_delay=&#8221;55ms&#8221; box_shadow_style=&#8221;preset2&#8243; box_shadow_horizontal=&#8221;0px&#8221; box_shadow_blur=&#8221;34px&#8221; box_shadow_color=&#8221;#000000&#8243;][\/et_pb_image][\/et_pb_column][et_pb_column type=&#8221;1_3&#8243; _builder_version=&#8221;4.6.5&#8243; _module_preset=&#8221;default&#8221;][et_pb_image src=&#8221;http:\/\/fotografiezpodhala.pl\/wp-content\/uploads\/2020\/10\/kuznia.jpg&#8221; title_text=&#8221;kuznia&#8221; url=&#8221;http:\/\/www.domki.fotografiezpodhala.pl&#8221; url_new_window=&#8221;on&#8221; _builder_version=&#8221;4.6.5&#8243; _module_preset=&#8221;default&#8221; animation_style=&#8221;slide&#8221; animation_direction=&#8221;right&#8221; animation_duration=&#8221;1500ms&#8221; animation_delay=&#8221;55ms&#8221; box_shadow_style=&#8221;preset2&#8243; box_shadow_horizontal=&#8221;0px&#8221; box_shadow_blur=&#8221;34px&#8221; box_shadow_color=&#8221;#000000&#8243;][\/et_pb_image][\/et_pb_column][\/et_pb_row][et_pb_row _builder_version=&#8221;4.6.5&#8243; _module_preset=&#8221;default&#8221;][et_pb_column type=&#8221;4_4&#8243; _builder_version=&#8221;4.6.5&#8243; _module_preset=&#8221;default&#8221;][et_pb_text _builder_version=&#8221;4.6.5&#8243; _module_preset=&#8221;default&#8221; header_line_height=&#8221;1.2em&#8221; custom_margin=&#8221;||16px|||&#8221; header_text_shadow_style=&#8221;preset1&#8243; header_text_shadow_blur_strength=&#8221;0.34em&#8221; header_text_shadow_color=&#8221;#000000&#8243;]<\/p>\n<h1 style=\"text-align: center;\"><span style=\"color: #ffffff;\">Zapraszam do kontaktu<br \/> <\/span><\/h1>\n<p>[\/et_pb_text][et_pb_text _builder_version=&#8221;4.6.5&#8243; _module_preset=&#8221;default&#8221; text_font_size=&#8221;16px&#8221; text_text_shadow_style=&#8221;preset1&#8243; text_text_shadow_blur_strength=&#8221;0.39em&#8221; text_text_shadow_color=&#8221;#000000&#8243;]<\/p>\n<p style=\"text-align: center;\"><span style=\"color: #ffffff;\">\u00a9Arkadiusz Morawski 2020<br \/><\/span><span style=\"color: #ffffff;\">emial: <a href=\"mailto:fotografiezpodhala@gmail.com,\">fotografiezpodhala@gmail.com,<\/a> tel. 606 318 648<\/span><br \/> <span style=\"color: #ffffff;\">Wszelkie prawa zastrze\u017cone! Kopiowanie, powielanie i wykorzystywanie zdj\u0119\u0107 bez zgody autora zabronione.<br \/><\/span><span style=\"color: #ffffff;\">Wszystkie zdj\u0119cia znajduj\u0105ce si\u0119 na tej stronie s\u0105 mojego autorstwa i podlegaj\u0105 ochronie prawem autorskim. <\/span><\/p>\n<p>[\/et_pb_text][et_pb_contact_form disabled_on=&#8221;on|on|on&#8221; _builder_version=&#8221;4.6.6&#8243; _module_preset=&#8221;default&#8221; disabled=&#8221;on&#8221;][et_pb_contact_field field_id=&#8221;Name&#8221; field_title=&#8221;Nazwa&#8221; _builder_version=&#8221;3.16&#8243; button_text_size__hover_enabled=&#8221;off&#8221; button_one_text_size__hover_enabled=&#8221;off&#8221; button_two_text_size__hover_enabled=&#8221;off&#8221; button_text_color__hover_enabled=&#8221;off&#8221; button_one_text_color__hover_enabled=&#8221;off&#8221; button_two_text_color__hover_enabled=&#8221;off&#8221; button_border_width__hover_enabled=&#8221;off&#8221; button_one_border_width__hover_enabled=&#8221;off&#8221; button_two_border_width__hover_enabled=&#8221;off&#8221; button_border_color__hover_enabled=&#8221;off&#8221; button_one_border_color__hover_enabled=&#8221;off&#8221; button_two_border_color__hover_enabled=&#8221;off&#8221; button_border_radius__hover_enabled=&#8221;off&#8221; button_one_border_radius__hover_enabled=&#8221;off&#8221; button_two_border_radius__hover_enabled=&#8221;off&#8221; button_letter_spacing__hover_enabled=&#8221;off&#8221; button_one_letter_spacing__hover_enabled=&#8221;off&#8221; button_two_letter_spacing__hover_enabled=&#8221;off&#8221; button_bg_color__hover_enabled=&#8221;off&#8221; button_one_bg_color__hover_enabled=&#8221;off&#8221; button_two_bg_color__hover_enabled=&#8221;off&#8221;][\/et_pb_contact_field][et_pb_contact_field field_id=&#8221;Email&#8221; field_title=&#8221;Adres mejlowy&#8221; field_type=&#8221;email&#8221; _builder_version=&#8221;3.16&#8243; button_text_size__hover_enabled=&#8221;off&#8221; button_one_text_size__hover_enabled=&#8221;off&#8221; button_two_text_size__hover_enabled=&#8221;off&#8221; button_text_color__hover_enabled=&#8221;off&#8221; button_one_text_color__hover_enabled=&#8221;off&#8221; button_two_text_color__hover_enabled=&#8221;off&#8221; button_border_width__hover_enabled=&#8221;off&#8221; button_one_border_width__hover_enabled=&#8221;off&#8221; button_two_border_width__hover_enabled=&#8221;off&#8221; button_border_color__hover_enabled=&#8221;off&#8221; button_one_border_color__hover_enabled=&#8221;off&#8221; button_two_border_color__hover_enabled=&#8221;off&#8221; button_border_radius__hover_enabled=&#8221;off&#8221; button_one_border_radius__hover_enabled=&#8221;off&#8221; button_two_border_radius__hover_enabled=&#8221;off&#8221; button_letter_spacing__hover_enabled=&#8221;off&#8221; button_one_letter_spacing__hover_enabled=&#8221;off&#8221; button_two_letter_spacing__hover_enabled=&#8221;off&#8221; button_bg_color__hover_enabled=&#8221;off&#8221; button_one_bg_color__hover_enabled=&#8221;off&#8221; button_two_bg_color__hover_enabled=&#8221;off&#8221;][\/et_pb_contact_field][et_pb_contact_field field_id=&#8221;Message&#8221; field_title=&#8221;Wiadomo\u015b\u0107&#8221; field_type=&#8221;text&#8221; fullwidth_field=&#8221;on&#8221; _builder_version=&#8221;3.16&#8243; button_text_size__hover_enabled=&#8221;off&#8221; button_one_text_size__hover_enabled=&#8221;off&#8221; button_two_text_size__hover_enabled=&#8221;off&#8221; button_text_color__hover_enabled=&#8221;off&#8221; button_one_text_color__hover_enabled=&#8221;off&#8221; button_two_text_color__hover_enabled=&#8221;off&#8221; button_border_width__hover_enabled=&#8221;off&#8221; button_one_border_width__hover_enabled=&#8221;off&#8221; button_two_border_width__hover_enabled=&#8221;off&#8221; button_border_color__hover_enabled=&#8221;off&#8221; button_one_border_color__hover_enabled=&#8221;off&#8221; button_two_border_color__hover_enabled=&#8221;off&#8221; button_border_radius__hover_enabled=&#8221;off&#8221; button_one_border_radius__hover_enabled=&#8221;off&#8221; button_two_border_radius__hover_enabled=&#8221;off&#8221; button_letter_spacing__hover_enabled=&#8221;off&#8221; button_one_letter_spacing__hover_enabled=&#8221;off&#8221; button_two_letter_spacing__hover_enabled=&#8221;off&#8221; button_bg_color__hover_enabled=&#8221;off&#8221; button_one_bg_color__hover_enabled=&#8221;off&#8221; button_two_bg_color__hover_enabled=&#8221;off&#8221;][\/et_pb_contact_field][\/et_pb_contact_form][\/et_pb_column][\/et_pb_row][\/et_pb_section]<\/p>\n","protected":false},"excerpt":{"rendered":"<p>Fotografie z PodhalaFotografia krajobrazowaW swoich zbiorach posiadam kilkaset zdj\u0119\u0107 z terenu Podhala i Spisza, Tatr, Gorc\u00f3w i Pienin do wykorzystania w projektach stron internetowych, projektach graficznych oraz w celach wydawniczych. Wykonuj\u0119 r\u00f3wnie\u017c zdj\u0119cia na zam\u00f3wienieWykonuj\u0119 zdj\u0119cia obiekt\u00f3w turystycznych i architektury Fotografie nieruchomo\u015bci: dzia\u0142ek budowlanych, domk\u00f3w rekreacyjnych, apartament\u00f3w, mieszka\u0144 do wynaj\u0119cia, obiekt\u00f3w sakralnych.Projektowanie i budowa stron [&hellip;]<\/p>\n","protected":false},"author":1,"featured_media":0,"parent":0,"menu_order":1,"comment_status":"closed","ping_status":"closed","template":"","meta":{"_et_pb_use_builder":"on","_et_pb_old_content":"","_et_gb_content_width":""},"_links":{"self":[{"href":"http:\/\/fotografiezpodhala.pl\/index.php?rest_route=\/wp\/v2\/pages\/94"}],"collection":[{"href":"http:\/\/fotografiezpodhala.pl\/index.php?rest_route=\/wp\/v2\/pages"}],"about":[{"href":"http:\/\/fotografiezpodhala.pl\/index.php?rest_route=\/wp\/v2\/types\/page"}],"author":[{"embeddable":true,"href":"http:\/\/fotografiezpodhala.pl\/index.php?rest_route=\/wp\/v2\/users\/1"}],"replies":[{"embeddable":true,"href":"http:\/\/fotografiezpodhala.pl\/index.php?rest_route=%2Fwp%2Fv2%2Fcomments&post=94"}],"version-history":[{"count":139,"href":"http:\/\/fotografiezpodhala.pl\/index.php?rest_route=\/wp\/v2\/pages\/94\/revisions"}],"predecessor-version":[{"id":826,"href":"http:\/\/fotografiezpodhala.pl\/index.php?rest_route=\/wp\/v2\/pages\/94\/revisions\/826"}],"wp:attachment":[{"href":"http:\/\/fotografiezpodhala.pl\/index.php?rest_route=%2Fwp%2Fv2%2Fmedia&parent=94"}],"curies":[{"name":"wp","href":"https:\/\/api.w.org\/{rel}","templated":true}]}}